ded by 307.
303
Calculate the remainder when 11416152 is divided by 3849.
18
What is the remainder when 218708 is divided by 72714?
566
What is the remainder when 612538 is divided by 204146?
100
What is the remainder when 156842 is divided by 156755?
87
What is the remainder when 5144433 is divided by 2751?
63
Calculate the remainder when 240583 is divided by 12003.
523
Calculate the remainder when 83000947 is divided by 3510.
3487
Calculate the remainder when 10599 is divided by 9115.
1484
Calculate the remainder when 38155 is divided by 3170.
115
What is the remainder when 166691 is divided by 850?
91
Calculate the remainder when 108784 is divided by 108196.
588
Calculate the remainder when 7060 is divided by 183.
106
What is the remainder when 6797127 is divided by 88?
7
What is the remainder when 37129063 is divided by 627?
4
Calculate the remainder when 25861722 is divided by 187.
183
What is the remainder when 245723 is divided by 8863?
6422
Calculate the remainder when 783770 is divided by 209.
20
What is the remainder when 58447 is divided by 19327?
466
What is the remainder when 690788 is divided by 4756?
1168
Calculate the remainder when 1730874 is divided by 173086.
14
What is the remainder when 341513 is divided by 30861?
2042
Calculate the remainder when 545669 is divided by 268.
21
What is the remainder when 181347 is divided by 215?
102
What is the remainder when 812263 is divided by 3042?
49
Calculate the remainder when 10288677 is divided by 58.
57
Calculate the remainder when 1061486 is divided by 567.
62
What is the remainder when 9998921 is divided by 1470?
1451
What is the remainder when 187756580 is divided by 186?
182
Calculate the remainder when 376588316 is divided by 15.
11
What is the remainder when 55785246 is divided by 1201?
1198
What is the remainder when 4631158 is divided by 48241?
22
What is the remainder when 4201091 is divided by 215?
206
What is the remainder when 672887 is divided by 798?
173
What is the remainder when 76131 is divided by 482?
457
Calculate the remainder when 14334343 is divided by 77904.
7
Calculate the remainder when 1083344673 is divided by 245.
243
Calculate the remainder when 250789 is divided by 125.
39
What is the remainder when 22077679 is divided by 3280?
3279
Calculate the remainder when 50276 is divided by 25108.
60
Calculate the remainder when 51019206 is divided by 2880.
6
What is the remainder when 551925 is divided by 1460?
45
What is the remainder when 45128 is divided by 14364?
2036
What is the remainder when 516963 is divided by 516833?
130
What is the remainder when 461662 is divided by 3161?
156
Calculate the remainder when 104808 is divided by 26202.
0
What is the remainder when 19225 is divided by 17666?
1559
Calculate the remainder when 2211957 is divided by 442385.
32
Calculate the remainder when 3727158 is divided by 465894.
6
What is the remainder when 2471290 is divided by 1875?
40
What is the remainder when 22477583 is divided by 53?
18
What is the remainder when 23192 is divided by 4340?
1492
What is the remainder when 90652977 is divided by 64?
49
Calculate the remainder when 4967070 is divided by 289.
27
What is the remainder when 15711956 is divided by 1382?
1380
Calculate the remainder when 35500283 is divided by 76.
75
Calculate the remainder when 2015815 is divided by 83991.
31
Calculate the remainder when 7277226 is divided by 214036.
2
What is the remainder when 128399 is divided by 75?
74
What is the remainder when 981630 is divided by 8487?
5625
Calculate the remainder when 541057 is divided by 2775.
2707
What is the remainder when 1278007 is divided by 33622?
371
What is the remainder when 4103114 is divided by 1367702?
8
Calculate the remainder when 723732 is divided by 3651.
834
Calculate the remainder when 32943 is divided by 10964.
51
Calculate the remainder when 96090 is divided by 52.
46
Calculate the remainder when 1978574 is divided by 72.
14
What is the remainder when 510297088 is divided by 10?
8
What is the remainder when 273503 is divided by 5585?
5423
What is the remainder when 453286 is divided by 7077?
358
What is the remainder when 9574 is divided by 1924?
1878
What is the remainder when 35841953 is divided by 117?
56
What is the remainder when 510761 is divided by 265?
106
What is the remainder when 231607 is divided by 1057?
124
Calculate the remainder when 2562496 is divided by 5682.
5596
What is the remainder when 2638332 is divided by 31?
15
What is the remainder when 28425 is divided by 28337?
88
Calculate the remainder when 27353 is divided by 6820.
73
What is the remainder when 76160792 is divided by 37?
29
What is the remainder when 9677 is divided by 9557?
120
Calculate the remainder when 50960014 is divided by 971.
963
Calculate the remainder when 44194656 is divided by 118.
116
Calculate the remainder when 134473 is divided by 1469.
794
What is the remainder when 9017708 is divided by 10?
8
Calculate the remainder when 170205 is divided by 10004.
137
What is the remainder when 893389 is divided by 425?
39
What is the remainder when 78956 is divided by 657?
116
Calculate the remainder when 903740 is divided by 150618.
32
What is the remainder when 225702 is divided by 112361?
980
Calculate the remainder when 8379807 is divided by 241.
237
What is the remainder when 7892137 is divided by 22045?
27
Calculate the remainder when 140969 is divided by 1551.
1379
What is the remainder when 9022329 is divided by 5678?
5665
Calculate the remainder when 2678 is divided by 466.
348
What is the remainder when 365831 is divided by 121550?
1181
Calculate the remainder when 43983491 is divided by 97.
5
What is the remainder when 91014 is divided by 126?
42
Calculate the remainder when 94187 is divided by 938.
387
Calculate the remainder when 1925728 is divided by 198.
178
Calculate the remainder when 2036914 is divided by 3872.
242
What is the remainder when 2839367 is divided by 257?
31
What is the remainder when 1700280 is divided by 3572?
8
Calculate the remainder when 20393 is divided by 4367.
2925
Calculate the remainder when 109399 is divided by 6074.
67
Calculate the remainder when 5134 is divided by 4934.
200
What is the remainder when 865228 is divided by 216277?
120
Calculate the remainder when 2513231 is divided by 39.
32
What is the remainder when 44291636 is divided by 1473?
1472
Calculate the remainder when 1743552 is divided by 5083.
83
What is the remainder when 659559 is divided by 659490?
69
What is the remainder when 50443 is divided by 3539?
897
What is the remainder when 34850 is divided by 33618?
1232
What is the remainder when 339844716 is divided by 3?
0
Calculate the remainder when 19793 is divided by 3831.
638
What is the remainder when 239958 is divided by 11196?
4842
Calculate the remainder when 7683616 is divided by 2561140.
196
What is the remainder when 107329397 is divided by 3311?
21
What is the remainder when 174552 is divided by 1190?
812
Calculate the remainder when 256506 is divided by 504.
474
What is the remainder when 1559867 is divided by 79?
12
What is the remainder when 31052068 is divided by 1123?
1118
Calculate the remainder when 8249224 is divided by 515575.
24
Calculate the remainder when 134342 is divided by 2802.
2648
What is the remainder when 704773 is divided by 176187?
25
Calculate the remainder when 2412106 is divided by 2497.
4
Calculate the remainder when 491330 is divided by 54580.
110
Calculate the remainder when 69223874 is divided by 875.
874
What is the remainder when 411383 is divided by 716?
399
Calculate the remainder when 2531941 is divided by 506387.
6
What is the remainder when 97213566 is divided by 282?
270
Calculate the remainder when 203078 is divided by 40614.
8
What is the remainder when 1725719 is divided by 2434?
13
What is the remainder when 33717 is divided by 16482?
753
Calculate the remainder when 45493410 is divided by 262.
254
Calculate the remainder when 118946 is divided by 1169.
877
What is the remainder when 29570 is divided by 4920?
50
What is the remainder when 3595763 is divided by 61?
57
Calculate the remainder when 197566302 is divided by 13.
11
Calculate the remainder when 437605 is divided by 1586.
1455
What is the remainder when 418041 is di